[INFO] cloning repository https://github.com/TrueDoctor/foodcalc
[INFO] running `Command { std: "git" "-c" "credential.helper=" "-c" "credential.helper=/workspace/cargo-home/bin/git-credential-null" "clone" "--bare" "https://github.com/TrueDoctor/foodcalc" "/workspace/cache/git-repos/https%3A%2F%2Fgithub.com%2FTrueDoctor%2Ffoodcalc", kill_on_drop: false }`
[INFO] [stderr] Cloning into bare repository '/workspace/cache/git-repos/https%3A%2F%2Fgithub.com%2FTrueDoctor%2Ffoodcalc'...
[INFO] running `Command { std: "git" "rev-parse" "HEAD", kill_on_drop: false }`
[INFO] [stdout] 489ca0d5bab2cf46c73b85d1c5b35bcfb99c5dee
[INFO] checking TrueDoctor/foodcalc against master#e6e4f7ed1589e03bc2f6c5931c1a72e7947e8682 for beta-170-4
[INFO] running `Command { std: "git" "clone" "/workspace/cache/git-repos/https%3A%2F%2Fgithub.com%2FTrueDoctor%2Ffoodcalc" "/workspace/builds/worker-6-tc2/source", kill_on_drop: false }`
[INFO] [stderr] Cloning into '/workspace/builds/worker-6-tc2/source'...
[INFO] [stderr] done.
[INFO] validating manifest of git repo https://github.com/TrueDoctor/foodcalc on toolchain e6e4f7ed1589e03bc2f6c5931c1a72e7947e8682
[INFO] running `Command { std: CARGO_HOME="/workspace/cargo-home" RUSTUP_HOME="/workspace/rustup-home" "/workspace/cargo-home/bin/cargo" "+e6e4f7ed1589e03bc2f6c5931c1a72e7947e8682" "metadata" "--manifest-path" "Cargo.toml" "--no-deps", kill_on_drop: false }`
[INFO] started tweaking git repo https://github.com/TrueDoctor/foodcalc
[INFO] finished tweaking git repo https://github.com/TrueDoctor/foodcalc
[INFO] tweaked toml for git repo https://github.com/TrueDoctor/foodcalc written to /workspace/builds/worker-6-tc2/source/Cargo.toml
[INFO] crate git repo https://github.com/TrueDoctor/foodcalc already has a lockfile, it will not be regenerated
[INFO] running `Command { std: CARGO_HOME="/workspace/cargo-home" RUSTUP_HOME="/workspace/rustup-home" "/workspace/cargo-home/bin/cargo" "+e6e4f7ed1589e03bc2f6c5931c1a72e7947e8682" "fetch" "--manifest-path" "Cargo.toml", kill_on_drop: false }`
[INFO] running `Command { std: "docker" "create" "-v" "/var/lib/crater-agent-workspace/builds/worker-6-tc2/target:/opt/rustwide/target:rw,Z" "-v" "/var/lib/crater-agent-workspace/builds/worker-6-tc2/source:/opt/rustwide/workdir:ro,Z" "-v" "/var/lib/crater-agent-workspace/cargo-home:/opt/rustwide/cargo-home:ro,Z" "-v" "/var/lib/crater-agent-workspace/rustup-home:/opt/rustwide/rustup-home:ro,Z" "-e" "SOURCE_DIR=/opt/rustwide/workdir" "-e" "CARGO_TARGET_DIR=/opt/rustwide/target" "-e" "CARGO_HOME=/opt/rustwide/cargo-home" "-e" "RUSTUP_HOME=/opt/rustwide/rustup-home" "-w" "/opt/rustwide/workdir" "-m" "1610612736" "--user" "0:0" "--network" "none" "ghcr.io/rust-lang/crates-build-env/linux@sha256:19e73879b68f455e41552ea35293514db52ea292d993f571636dbffedb77a1ee" "/opt/rustwide/cargo-home/bin/cargo" "+e6e4f7ed1589e03bc2f6c5931c1a72e7947e8682" "metadata" "--no-deps" "--format-version=1", kill_on_drop: false }`
[INFO] [stdout] 23f360cc7e89b77a382fe1942f0748f985176ca31c7b2b70cdde47b215f2ae4f
[INFO] running `Command { std: "docker" "start" "-a" "23f360cc7e89b77a382fe1942f0748f985176ca31c7b2b70cdde47b215f2ae4f", kill_on_drop: false }`
[INFO] running `Command { std: "docker" "inspect" "23f360cc7e89b77a382fe1942f0748f985176ca31c7b2b70cdde47b215f2ae4f", kill_on_drop: false }`
[INFO] running `Command { std: "docker" "rm" "-f" "23f360cc7e89b77a382fe1942f0748f985176ca31c7b2b70cdde47b215f2ae4f", kill_on_drop: false }`
[INFO] [stdout] 23f360cc7e89b77a382fe1942f0748f985176ca31c7b2b70cdde47b215f2ae4f
[INFO] running `Command { std: "docker" "create" "-v" "/var/lib/crater-agent-workspace/builds/worker-6-tc2/target:/opt/rustwide/target:rw,Z" "-v" "/var/lib/crater-agent-workspace/builds/worker-6-tc2/source:/opt/rustwide/workdir:ro,Z" "-v" "/var/lib/crater-agent-workspace/cargo-home:/opt/rustwide/cargo-home:ro,Z" "-v" "/var/lib/crater-agent-workspace/rustup-home:/opt/rustwide/rustup-home:ro,Z" "-e" "SOURCE_DIR=/opt/rustwide/workdir" "-e" "CARGO_TARGET_DIR=/opt/rustwide/target" "-e" "CARGO_INCREMENTAL=0" "-e" "RUST_BACKTRACE=full" "-e" "RUSTFLAGS=--cap-lints=forbid" "-e" "RUSTDOCFLAGS=--cap-lints=forbid" "-e" "CARGO_HOME=/opt/rustwide/cargo-home" "-e" "RUSTUP_HOME=/opt/rustwide/rustup-home" "-w" "/opt/rustwide/workdir" "-m" "1610612736" "--user" "0:0" "--network" "none" "ghcr.io/rust-lang/crates-build-env/linux@sha256:19e73879b68f455e41552ea35293514db52ea292d993f571636dbffedb77a1ee" "/opt/rustwide/cargo-home/bin/cargo" "+e6e4f7ed1589e03bc2f6c5931c1a72e7947e8682" "check" "--frozen" "--all" "--all-targets" "--message-format=json", kill_on_drop: false }`
[INFO] [stdout] 69cb817d443abcadd326b31b20c65df6b9af7a61757184b944ffa4ec40d46a15
[INFO] running `Command { std: "docker" "start" "-a" "69cb817d443abcadd326b31b20c65df6b9af7a61757184b944ffa4ec40d46a15", kill_on_drop: false }`
[INFO] [stderr]    Compiling libc v0.2.125
[INFO] [stderr]    Compiling autocfg v1.1.0
[INFO] [stderr]    Compiling proc-macro2 v1.0.37
[INFO] [stderr]    Compiling syn v1.0.92
[INFO] [stderr]    Compiling log v0.4.16
[INFO] [stderr]    Compiling memchr v2.5.0
[INFO] [stderr]    Compiling generic-array v0.14.5
[INFO] [stderr]    Compiling cc v1.0.73
[INFO] [stderr]    Compiling serde_derive v1.0.137
[INFO] [stderr]    Compiling serde v1.0.137
[INFO] [stderr]    Compiling num-traits v0.2.14
[INFO] [stderr]    Compiling lock_api v0.4.7
[INFO] [stderr]    Compiling num-integer v0.1.45
[INFO] [stderr]    Compiling futures-core v0.3.21
[INFO] [stderr]     Checking once_cell v1.10.0
[INFO] [stderr]     Checking smallvec v1.8.0
[INFO] [stderr]    Compiling quote v1.0.18
[INFO] [stderr]    Compiling ahash v0.7.6
[INFO] [stderr]     Checking signal-hook-registry v1.4.0
[INFO] [stderr]    Compiling ring v0.16.20
[INFO] [stderr]    Compiling typenum v1.15.0
[INFO] [stderr]    Compiling standback v0.2.17
[INFO] [stderr]     Checking mio v0.8.2
[INFO] [stderr]    Compiling parking_lot_core v0.9.3
[INFO] [stderr]    Compiling getrandom v0.2.6
[INFO] [stderr]    Compiling futures-channel v0.3.21
[INFO] [stderr]    Compiling num-bigint v0.3.3
[INFO] [stderr]     Checking pin-project-lite v0.2.9
[INFO] [stderr]    Compiling subtle v2.4.1
[INFO] [stderr]    Compiling crossbeam-utils v0.8.8
[INFO] [stderr]     Checking parking_lot v0.12.0
[INFO] [stderr]     Checking block-buffer v0.10.2
[INFO] [stderr]     Checking crypto-common v0.1.3
[INFO] [stderr]    Compiling const_fn v0.4.9
[INFO] [stderr]    Compiling tinyvec v1.6.0
[INFO] [stderr]     Checking digest v0.10.3
[INFO] [stderr]     Checking parking_lot_core v0.8.5
[INFO] [stderr]    Compiling num_cpus v1.13.1
[INFO] [stderr]    Compiling socket2 v0.4.4
[INFO] [stderr]    Compiling indexmap v1.8.1
[INFO] [stderr]    Compiling time v0.2.27
[INFO] [stderr]    Compiling crossbeam-queue v0.3.5
[INFO] [stderr]    Compiling signal-hook v0.3.14
[INFO] [stderr]    Compiling serde_json v1.0.80
[INFO] [stderr]    Compiling futures-task v0.3.21
[INFO] [stderr]    Compiling tokio v1.18.0
[INFO] [stderr]    Compiling unicode-normalization v0.1.19
[INFO] [stderr]     Checking parking_lot v0.11.2
[INFO] [stderr]     Checking webpki v0.21.4
[INFO] [stderr]    Compiling sct v0.6.1
[INFO] [stderr]    Compiling unicode-bidi v0.3.8
[INFO] [stderr]    Compiling futures-util v0.3.21
[INFO] [stderr]     Checking futures-sink v0.3.21
[INFO] [stderr]    Compiling rustls v0.19.1
[INFO] [stderr]    Compiling hashbrown v0.11.2
[INFO] [stderr]    Compiling rand_core v0.6.3
[INFO] [stderr]     Checking mio v0.7.14
[INFO] [stderr]     Checking slab v0.4.6
[INFO] [stderr]    Compiling ppv-lite86 v0.2.16
[INFO] [stderr]     Checking futures-io v0.3.21
[INFO] [stderr]    Compiling time-macros-impl v0.1.2
[INFO] [stderr]    Compiling tokio-macros v1.7.0
[INFO] [stderr]    Compiling thiserror-impl v1.0.31
[INFO] [stderr]    Compiling futures-macro v0.3.21
[INFO] [stderr]    Compiling cpufeatures v0.2.2
[INFO] [stderr]    Compiling lazy_static v1.4.0
[INFO] [stderr]    Compiling minimal-lexical v0.2.1
[INFO] [stderr]    Compiling nom v7.1.1
[INFO] [stderr]    Compiling time-macros v0.1.1
[INFO] [stderr]    Compiling tokio-rustls v0.22.0
[INFO] [stderr]    Compiling rand_chacha v0.3.1
[INFO] [stderr]     Checking signal-hook-mio v0.2.3
[INFO] [stderr]    Compiling form_urlencoded v1.0.1
[INFO] [stderr]    Compiling idna v0.2.3
[INFO] [stderr]    Compiling hmac v0.12.1
[INFO] [stderr]    Compiling dirs-sys v0.3.7
[INFO] [stderr]    Compiling num-bigint v0.4.3
[INFO] [stderr]    Compiling ryu v1.0.9
[INFO] [stderr]    Compiling unicode_categories v0.1.1
[INFO] [stderr]    Compiling paste v1.0.7
[INFO] [stderr]    Compiling crc-catalog v1.1.1
[INFO] [stderr]    Compiling itoa v1.0.1
[INFO] [stderr]    Compiling crc v2.1.0
[INFO] [stderr]    Compiling bigdecimal v0.2.2
[INFO] [stderr]    Compiling url v2.2.2
[INFO] [stderr]    Compiling dirs v4.0.0
[INFO] [stderr]    Compiling hkdf v0.12.3
[INFO] [stderr]    Compiling futures-intrusive v0.4.0
[INFO] [stderr]    Compiling rand v0.8.5
[INFO] [stderr]    Compiling thiserror v1.0.31
[INFO] [stderr]    Compiling sqlx-rt v0.5.13
[INFO] [stderr]    Compiling tokio-stream v0.1.8
[INFO] [stderr]    Compiling sha-1 v0.10.0
[INFO] [stderr]    Compiling sha2 v0.10.2
[INFO] [stderr]    Compiling hashlink v0.7.0
[INFO] [stderr]    Compiling stringprep v0.1.2
[INFO] [stderr]    Compiling webpki-roots v0.21.1
[INFO] [stderr]    Compiling atoi v0.4.0
[INFO] [stderr]    Compiling md-5 v0.10.1
[INFO] [stderr]    Compiling num-iter v0.1.42
[INFO] [stderr]    Compiling num-rational v0.4.0
[INFO] [stderr]    Compiling whoami v1.2.1
[INFO] [stderr]    Compiling hex v0.4.3
[INFO] [stderr]    Compiling unicode-segmentation v1.9.0
[INFO] [stderr]    Compiling event-listener v2.5.2
[INFO] [stderr]    Compiling byteorder v1.4.3
[INFO] [stderr]    Compiling uuid v0.8.2
[INFO] [stderr]    Compiling slog v2.7.0
[INFO] [stderr]    Compiling bitflags v1.3.2
[INFO] [stderr]    Compiling heck v0.4.0
[INFO] [stderr]     Checking crossterm v0.22.1
[INFO] [stderr]     Checking either v1.6.1
[INFO] [stderr]     Checking itertools v0.10.3
[INFO] [stderr]     Checking time v0.1.43
[INFO] [stderr]    Compiling eyre v0.6.8
[INFO] [stderr]    Compiling dotenv v0.15.0
[INFO] [stderr]     Checking cassowary v0.3.0
[INFO] [stderr]     Checking tui v0.17.0
[INFO] [stderr]     Checking chrono v0.4.19
[INFO] [stderr]     Checking futures-executor v0.3.21
[INFO] [stderr]     Checking fxhash v0.2.1
[INFO] [stderr]     Checking num-complex v0.4.0
[INFO] [stderr]     Checking aho-corasick v0.7.18
[INFO] [stderr]     Checking indenter v0.3.3
[INFO] [stderr]     Checking regex-syntax v0.6.26
[INFO] [stderr]     Checking sqlformat v0.1.8
[INFO] [stderr]     Checking num v0.4.0
[INFO] [stderr]     Checking futures v0.3.21
[INFO] [stderr]     Checking crossterm v0.23.2
[INFO] [stderr]     Checking tui-logger v0.7.1
[INFO] [stderr]     Checking sqlx-core v0.5.13
[INFO] [stderr]     Checking regex v1.5.6
[INFO] [stderr]    Compiling sqlx-macros v0.5.13
[INFO] [stderr]     Checking sqlx v0.5.13
[INFO] [stderr]     Checking foodcalc v0.1.0 (/opt/rustwide/workdir)
[INFO] [stdout] error: error communicating with database: Cannot assign requested address (os error 99)
[INFO] [stdout]    --> src/app/db.rs:131:26
[INFO] [stdout]     |
[INFO] [stdout] 131 |           let ingredient = sqlx::query!(
[INFO] [stdout]     |  __________________________^
[INFO] [stdout] 132 | |             r#"
[INFO] [stdout] 133 | |                 INSERT INTO ingredients ( name, energy, comment )
[INFO] [stdout] 134 | |                 VALUES ( $1, $2, $3 )
[INFO] [stdout] ...   |
[INFO] [stdout] 139 | |             comment
[INFO] [stdout] 140 | |         )
[INFO] [stdout]     | |_________^
[INFO] [stdout]     |
[INFO] [stdout]     = note: this error originates in the macro `$crate::sqlx_macros::expand_query` which comes from the expansion of the macro `sqlx::query` (in Nightly builds, run with -Z macro-backtrace for more info)
[INFO] [stdout] 
[INFO] [stdout] 
[INFO] [stdout] error: error communicating with database: Cannot assign requested address (os error 99)
[INFO] [stdout]    --> src/app/db.rs:131:26
[INFO] [stdout]     |
[INFO] [stdout] 131 |           let ingredient = sqlx::query!(
[INFO] [stdout]     |  __________________________^
[INFO] [stdout] 132 | |             r#"
[INFO] [stdout] 133 | |                 INSERT INTO ingredients ( name, energy, comment )
[INFO] [stdout] 134 | |                 VALUES ( $1, $2, $3 )
[INFO] [stdout] ...   |
[INFO] [stdout] 139 | |             comment
[INFO] [stdout] 140 | |         )
[INFO] [stdout]     | |_________^
[INFO] [stdout]     |
[INFO] [stdout]     = note: this error originates in the macro `$crate::sqlx_macros::expand_query` which comes from the expansion of the macro `sqlx::query` (in Nightly builds, run with -Z macro-backtrace for more info)
[INFO] [stdout] 
[INFO] [stdout] 
[INFO] [stdout] error: error communicating with database: Cannot assign requested address (os error 99)
[INFO] [stdout]    --> src/app/db.rs:156:26
[INFO] [stdout]     |
[INFO] [stdout] 156 |           let ingredient = sqlx::query!(
[INFO] [stdout]     |  __________________________^
[INFO] [stdout] 157 | |             r#"
[INFO] [stdout] 158 | |                 INSERT INTO ingredient_sources ( ingredient_id, store_id, url, package_size, price, unit_id)
[INFO] [stdout] 159 | |                 VALUES ( $1, $2, $3, $4, $5, $6)
[INFO] [stdout] ...   |
[INFO] [stdout] 167 | |             unit_id
[INFO] [stdout] 168 | |         )
[INFO] [stdout]     | |_________^
[INFO] [stdout]     |
[INFO] [stdout]     = note: this error originates in the macro `$crate::sqlx_macros::expand_query` which comes from the expansion of the macro `sqlx::query` (in Nightly builds, run with -Z macro-backtrace for more info)
[INFO] [stdout] 
[INFO] [stdout] 
[INFO] [stdout] error: error communicating with database: Cannot assign requested address (os error 99)
[INFO] [stdout]    --> src/app/db.rs:176:23
[INFO] [stdout]     |
[INFO] [stdout] 176 |         let records = sqlx::query_as!(Ingredient, r#" SELECT * FROM ingredients ORDER BY ingredient_id "#,)
[INFO] [stdout]     |                       ^^^^^^^^^^^^^^^^^^^^^^^^^^^^^^^^^^^^^^^^^^^^^^^^^^^^^^^^^^^^^^^^^^^^^^^^^^^^^^^^^^^^^
[INFO] [stdout]     |
[INFO] [stdout]     = note: this error originates in the macro `$crate::sqlx_macros::expand_query` which comes from the expansion of the macro `sqlx::query_as` (in Nightly builds, run with -Z macro-backtrace for more info)
[INFO] [stdout] 
[INFO] [stdout] 
[INFO] [stdout] error: error communicating with database: Cannot assign requested address (os error 99)
[INFO] [stdout]    --> src/app/db.rs:184:26
[INFO] [stdout]     |
[INFO] [stdout] 184 |           let subrecipes = sqlx::query_as!(
[INFO] [stdout]     |  __________________________^
[INFO] [stdout] 185 | |             SubRecipe,
[INFO] [stdout] 186 | |             r#"
[INFO] [stdout] 187 | |                 SELECT
[INFO] [stdout] ...   |
[INFO] [stdout] 199 | |             weight,
[INFO] [stdout] 200 | |         )
[INFO] [stdout]     | |_________^
[INFO] [stdout]     |
[INFO] [stdout]     = note: this error originates in the macro `$crate::sqlx_macros::expand_query` which comes from the expansion of the macro `sqlx::query_as` (in Nightly builds, run with -Z macro-backtrace for more info)
[INFO] [stdout] 
[INFO] [stdout] 
[INFO] [stdout] error: error communicating with database: Cannot assign requested address (os error 99)
[INFO] [stdout]    --> src/app/db.rs:274:23
[INFO] [stdout]     |
[INFO] [stdout] 274 |           let records = sqlx::query_as!(
[INFO] [stdout]     |  _______________________^
[INFO] [stdout] 275 | |             RecipeIngredient,
[INFO] [stdout] 276 | |             r#" SELECT ingredient_id as "ingredient_id!",
[INFO] [stdout] 277 | |                    ingredient as "name!",
[INFO] [stdout] ...   |
[INFO] [stdout] 291 | |             start_time
[INFO] [stdout] 292 | |         )
[INFO] [stdout]     | |_________^
[INFO] [stdout]     |
[INFO] [stdout]     = note: this error originates in the macro `$crate::sqlx_macros::expand_query` which comes from the expansion of the macro `sqlx::query_as` (in Nightly builds, run with -Z macro-backtrace for more info)
[INFO] [stdout] 
[INFO] [stdout] 
[INFO] [stdout] error: error communicating with database: Cannot assign requested address (os error 99)
[INFO] [stdout]    --> src/app/db.rs:300:23
[INFO] [stdout]     |
[INFO] [stdout] 300 |           let records = sqlx::query_as!(
[INFO] [stdout]     |  _______________________^
[INFO] [stdout] 301 | |             Meal,
[INFO] [stdout] 302 | |             r#" SELECT
[INFO] [stdout] 303 | |             event_id as "event_id!",
[INFO] [stdout] ...   |
[INFO] [stdout] 318 | |             event_id
[INFO] [stdout] 319 | |         )
[INFO] [stdout]     | |_________^
[INFO] [stdout]     |
[INFO] [stdout]     = note: this error originates in the macro `$crate::sqlx_macros::expand_query` which comes from the expansion of the macro `sqlx::query_as` (in Nightly builds, run with -Z macro-backtrace for more info)
[INFO] [stdout] 
[INFO] [stdout] 
[INFO] [stdout] error: error communicating with database: Cannot assign requested address (os error 99)
[INFO] [stdout]    --> src/app/db.rs:344:25
[INFO] [stdout]     |
[INFO] [stdout] 344 |               Some(id) => sqlx::query_as!(
[INFO] [stdout]     |  _________________________^
[INFO] [stdout] 345 | |                 IngredientSorce,
[INFO] [stdout] 346 | |                 r#" SELECT * FROM ingredient_sources WHERE store_id = $1 AND ingredient_id = $2 ORDER BY ingredient_id "#,
[INFO] [stdout] 347 | |                 METRO,
[INFO] [stdout] 348 | |                 id
[INFO] [stdout] 349 | |             )
[INFO] [stdout]     | |_____________^
[INFO] [stdout]     |
[INFO] [stdout]     = note: this error originates in the macro `$crate::sqlx_macros::expand_query` which comes from the expansion of the macro `sqlx::query_as` (in Nightly builds, run with -Z macro-backtrace for more info)
[INFO] [stdout] 
[INFO] [stdout] 
[INFO] [stdout] error: error communicating with database: Cannot assign requested address (os error 99)
[INFO] [stdout]    --> src/app/db.rs:352:21
[INFO] [stdout]     |
[INFO] [stdout] 352 |               None => sqlx::query_as!(
[INFO] [stdout]     |  _____________________^
[INFO] [stdout] 353 | |                 IngredientSorce,
[INFO] [stdout] 354 | |                 r#" SELECT * FROM ingredient_sources WHERE store_id = $1 ORDER BY ingredient_id "#,
[INFO] [stdout] 355 | |                 METRO,
[INFO] [stdout] 356 | |             )
[INFO] [stdout]     | |_____________^
[INFO] [stdout]     |
[INFO] [stdout]     = note: this error originates in the macro `$crate::sqlx_macros::expand_query` which comes from the expansion of the macro `sqlx::query_as` (in Nightly builds, run with -Z macro-backtrace for more info)
[INFO] [stdout] 
[INFO] [stdout] 
[INFO] [stdout] error: error communicating with database: Cannot assign requested address (os error 99)
[INFO] [stdout]    --> src/app/db.rs:156:26
[INFO] [stdout]     |
[INFO] [stdout] 156 |           let ingredient = sqlx::query!(
[INFO] [stdout]     |  __________________________^
[INFO] [stdout] 157 | |             r#"
[INFO] [stdout] 158 | |                 INSERT INTO ingredient_sources ( ingredient_id, store_id, url, package_size, price, unit_id)
[INFO] [stdout] 159 | |                 VALUES ( $1, $2, $3, $4, $5, $6)
[INFO] [stdout] ...   |
[INFO] [stdout] 167 | |             unit_id
[INFO] [stdout] 168 | |         )
[INFO] [stdout]     | |_________^
[INFO] [stdout]     |
[INFO] [stdout]     = note: this error originates in the macro `$crate::sqlx_macros::expand_query` which comes from the expansion of the macro `sqlx::query` (in Nightly builds, run with -Z macro-backtrace for more info)
[INFO] [stdout] 
[INFO] [stdout] 
[INFO] [stdout] error: error communicating with database: Cannot assign requested address (os error 99)
[INFO] [stdout]    --> src/app/db.rs:370:9
[INFO] [stdout]     |
[INFO] [stdout] 370 | /         sqlx::query!(
[INFO] [stdout] 371 | |             r#"
[INFO] [stdout] 372 | |                 UPDATE ingredient_sources
[INFO] [stdout] 373 | |                 SET price = $3
[INFO] [stdout] ...   |
[INFO] [stdout] 378 | |             price,
[INFO] [stdout] 379 | |         )
[INFO] [stdout]     | |_________^
[INFO] [stdout]     |
[INFO] [stdout]     = note: this error originates in the macro `$crate::sqlx_macros::expand_query` which comes from the expansion of the macro `sqlx::query` (in Nightly builds, run with -Z macro-backtrace for more info)
[INFO] [stdout] 
[INFO] [stdout] 
[INFO] [stdout] error: error communicating with database: Cannot assign requested address (os error 99)
[INFO] [stdout]    --> src/app/db.rs:176:23
[INFO] [stdout]     |
[INFO] [stdout] 176 |         let records = sqlx::query_as!(Ingredient, r#" SELECT * FROM ingredients ORDER BY ingredient_id "#,)
[INFO] [stdout]     |                       ^^^^^^^^^^^^^^^^^^^^^^^^^^^^^^^^^^^^^^^^^^^^^^^^^^^^^^^^^^^^^^^^^^^^^^^^^^^^^^^^^^^^^
[INFO] [stdout]     |
[INFO] [stdout]     = note: this error originates in the macro `$crate::sqlx_macros::expand_query` which comes from the expansion of the macro `sqlx::query_as` (in Nightly builds, run with -Z macro-backtrace for more info)
[INFO] [stdout] 
[INFO] [stdout] 
[INFO] [stdout] error: error communicating with database: Cannot assign requested address (os error 99)
[INFO] [stdout]    --> src/app/db.rs:184:26
[INFO] [stdout]     |
[INFO] [stdout] 184 |           let subrecipes = sqlx::query_as!(
[INFO] [stdout]     |  __________________________^
[INFO] [stdout] 185 | |             SubRecipe,
[INFO] [stdout] 186 | |             r#"
[INFO] [stdout] 187 | |                 SELECT
[INFO] [stdout] ...   |
[INFO] [stdout] 199 | |             weight,
[INFO] [stdout] 200 | |         )
[INFO] [stdout]     | |_________^
[INFO] [stdout]     |
[INFO] [stdout]     = note: this error originates in the macro `$crate::sqlx_macros::expand_query` which comes from the expansion of the macro `sqlx::query_as` (in Nightly builds, run with -Z macro-backtrace for more info)
[INFO] [stdout] 
[INFO] [stdout] 
[INFO] [stdout] error: error communicating with database: Cannot assign requested address (os error 99)
[INFO] [stdout]    --> src/app/db.rs:274:23
[INFO] [stdout]     |
[INFO] [stdout] 274 |           let records = sqlx::query_as!(
[INFO] [stdout]     |  _______________________^
[INFO] [stdout] 275 | |             RecipeIngredient,
[INFO] [stdout] 276 | |             r#" SELECT ingredient_id as "ingredient_id!",
[INFO] [stdout] 277 | |                    ingredient as "name!",
[INFO] [stdout] ...   |
[INFO] [stdout] 291 | |             start_time
[INFO] [stdout] 292 | |         )
[INFO] [stdout]     | |_________^
[INFO] [stdout]     |
[INFO] [stdout]     = note: this error originates in the macro `$crate::sqlx_macros::expand_query` which comes from the expansion of the macro `sqlx::query_as` (in Nightly builds, run with -Z macro-backtrace for more info)
[INFO] [stdout] 
[INFO] [stdout] 
[INFO] [stdout] error: error communicating with database: Cannot assign requested address (os error 99)
[INFO] [stdout]    --> src/app/db.rs:300:23
[INFO] [stdout]     |
[INFO] [stdout] 300 |           let records = sqlx::query_as!(
[INFO] [stdout]     |  _______________________^
[INFO] [stdout] 301 | |             Meal,
[INFO] [stdout] 302 | |             r#" SELECT
[INFO] [stdout] 303 | |             event_id as "event_id!",
[INFO] [stdout] ...   |
[INFO] [stdout] 318 | |             event_id
[INFO] [stdout] 319 | |         )
[INFO] [stdout]     | |_________^
[INFO] [stdout]     |
[INFO] [stdout]     = note: this error originates in the macro `$crate::sqlx_macros::expand_query` which comes from the expansion of the macro `sqlx::query_as` (in Nightly builds, run with -Z macro-backtrace for more info)
[INFO] [stdout] 
[INFO] [stdout] 
[INFO] [stdout] error: error communicating with database: Cannot assign requested address (os error 99)
[INFO] [stdout]    --> src/app/db.rs:344:25
[INFO] [stdout]     |
[INFO] [stdout] 344 |               Some(id) => sqlx::query_as!(
[INFO] [stdout]     |  _________________________^
[INFO] [stdout] 345 | |                 IngredientSorce,
[INFO] [stdout] 346 | |                 r#" SELECT * FROM ingredient_sources WHERE store_id = $1 AND ingredient_id = $2 ORDER BY ingredient_id "#,
[INFO] [stdout] 347 | |                 METRO,
[INFO] [stdout] 348 | |                 id
[INFO] [stdout] 349 | |             )
[INFO] [stdout]     | |_____________^
[INFO] [stdout]     |
[INFO] [stdout]     = note: this error originates in the macro `$crate::sqlx_macros::expand_query` which comes from the expansion of the macro `sqlx::query_as` (in Nightly builds, run with -Z macro-backtrace for more info)
[INFO] [stdout] 
[INFO] [stdout] 
[INFO] [stdout] error: error communicating with database: Cannot assign requested address (os error 99)
[INFO] [stdout]    --> src/app/db.rs:352:21
[INFO] [stdout]     |
[INFO] [stdout] 352 |               None => sqlx::query_as!(
[INFO] [stdout]     |  _____________________^
[INFO] [stdout] 353 | |                 IngredientSorce,
[INFO] [stdout] 354 | |                 r#" SELECT * FROM ingredient_sources WHERE store_id = $1 ORDER BY ingredient_id "#,
[INFO] [stdout] 355 | |                 METRO,
[INFO] [stdout] 356 | |             )
[INFO] [stdout]     | |_____________^
[INFO] [stdout]     |
[INFO] [stdout]     = note: this error originates in the macro `$crate::sqlx_macros::expand_query` which comes from the expansion of the macro `sqlx::query_as` (in Nightly builds, run with -Z macro-backtrace for more info)
[INFO] [stdout] 
[INFO] [stdout] 
[INFO] [stdout] error: error communicating with database: Cannot assign requested address (os error 99)
[INFO] [stdout]    --> src/app/db.rs:370:9
[INFO] [stdout]     |
[INFO] [stdout] 370 | /         sqlx::query!(
[INFO] [stdout] 371 | |             r#"
[INFO] [stdout] 372 | |                 UPDATE ingredient_sources
[INFO] [stdout] 373 | |                 SET price = $3
[INFO] [stdout] ...   |
[INFO] [stdout] 378 | |             price,
[INFO] [stdout] 379 | |         )
[INFO] [stdout]     | |_________^
[INFO] [stdout]     |
[INFO] [stdout]     = note: this error originates in the macro `$crate::sqlx_macros::expand_query` which comes from the expansion of the macro `sqlx::query` (in Nightly builds, run with -Z macro-backtrace for more info)
[INFO] [stdout] 
[INFO] [stdout] 
[INFO] [stdout] error: aborting due to 9 previous errors
[INFO] [stdout] 
[INFO] [stdout] 
[INFO] [stdout] error: aborting due to 9 previous errors
[INFO] [stdout] 
[INFO] [stdout] 
[INFO] [stderr] error: could not compile `foodcalc` (lib test) due to 10 previous errors
[INFO] [stderr] warning: build failed, waiting for other jobs to finish...
[INFO] [stderr] error: could not compile `foodcalc` (lib) due to 10 previous errors
[INFO] running `Command { std: "docker" "inspect" "69cb817d443abcadd326b31b20c65df6b9af7a61757184b944ffa4ec40d46a15", kill_on_drop: false }`
[INFO] running `Command { std: "docker" "rm" "-f" "69cb817d443abcadd326b31b20c65df6b9af7a61757184b944ffa4ec40d46a15", kill_on_drop: false }`
[INFO] [stdout] 69cb817d443abcadd326b31b20c65df6b9af7a61757184b944ffa4ec40d46a15
